{"id":1036,"date":"2022-04-14T08:36:38","date_gmt":"2022-04-14T08:36:38","guid":{"rendered":"http:\/\/qsoftwaretech.com\/?page_id=1036"},"modified":"2026-04-01T11:20:10","modified_gmt":"2026-04-01T11:20:10","slug":"acerca-de","status":"publish","type":"page","link":"https:\/\/qsoftwaretech.com\/index.php\/es\/acerca-de\/","title":{"rendered":"Acerca de QST"},"content":{"rendered":"\t\t<div data-elementor-type=\"wp-page\" data-elementor-id=\"1036\" class=\"elementor elementor-1036\">\n\t\t\t\t\t\t<section class=\"elementor-section elementor-top-section elementor-element elementor-element-0e7a3d4 elementor-section-boxed elementor-section-height-default elementor-section-height-default\" data-id=\"0e7a3d4\" data-element_type=\"section\">\n\t\t\t\t\t\t<div class=\"elementor-container elementor-column-gap-default\">\n\t\t\t\t\t<div class=\"elementor-column elementor-col-100 elementor-top-column elementor-element elementor-element-fe0727c\" data-id=\"fe0727c\" data-element_type=\"column\">\n\t\t\t<div class=\"elementor-widget-wrap elementor-element-populated\">\n\t\t\t\t\t\t<div class=\"elementor-element elementor-element-8ff7de0 elementor-widget elementor-widget-heading\" data-id=\"8ff7de0\" data-element_type=\"widget\" data-widget_type=\"heading.default\">\n\t\t\t\t<div class=\"elementor-widget-container\">\n\t\t\t\t\t<h2 class=\"elementor-heading-title elementor-size-default\"><br><p align=\"center\" style=\"margin-bottom: 0cm; vertical-align: baseline;\"><b><span lang=\"EN-US\" style=\"font-size:22.0pt;font-family:&quot;Arial&quot;,sans-serif;mso-fareast-font-family:\n&quot;Times New Roman&quot;;color:white;mso-themecolor:background1;letter-spacing:.4pt;\nborder:none windowtext 1.0pt;mso-border-alt:none windowtext 0cm;padding:0cm;\nmso-ansi-language:EN-US;mso-fareast-language:ES\">Acerca de<\/span><\/b><span style=\"color: var( --e-global-color-primary ); font-family: var( --e-global-typography-primary-font-family ), Sans-serif; font-size: 22px; font-weight: var( --e-global-typography-primary-font-weight ); letter-spacing: 0.8px; background-color: inherit;\"><\/span><\/p><\/h2>\t\t\t\t<\/div>\n\t\t\t\t<\/div>\n\t\t\t\t<div class=\"elementor-element elementor-element-876cd89 elementor-widget elementor-widget-image\" data-id=\"876cd89\" data-element_type=\"widget\" data-widget_type=\"image.default\">\n\t\t\t\t<div class=\"elementor-widget-container\">\n\t\t\t\t\t\t\t\t\t\t\t\t\t\t\t<img decoding=\"async\" src=\"https:\/\/qsoftwaretech.com\/wp-content\/uploads\/elementor\/thumbs\/QSTtb-r22dfk43mx8a04h1ngpuyxo1viv7e59xeahfuwj07q.png\" title=\"QSTtb\" alt=\"QSTtb\" loading=\"lazy\" \/>\t\t\t\t\t\t\t\t\t\t\t\t\t\t\t<\/div>\n\t\t\t\t<\/div>\n\t\t\t\t<div class=\"elementor-element elementor-element-b80ea29 elementor-widget elementor-widget-text-editor\" data-id=\"b80ea29\" data-element_type=\"widget\" data-widget_type=\"text-editor.default\">\n\t\t\t\t<div class=\"elementor-widget-container\">\n\t\t\t\t\t\t\t\t\t<p style=\"margin-bottom: 6pt; line-height: 19.6pt; vertical-align: baseline; text-align: center;\" align=\"center\"><span style=\"color: #ffffff; font-family: Arial, sans-serif;\"><span style=\"font-size: 16px; letter-spacing: 0.533333px;\">El origen de Quantum Software Technology (QST) se remonta a octubre de 2017, fecha en la que sus fundadores crearon un equipo independiente dedicado a las de tecnolog\u00edas de software cu\u00e1ntico.<\/span><\/span><\/p><p><span style=\"font-size: 16px; letter-spacing: 0.533333px; color: #ffffff; font-family: Arial, sans-serif; font-weight: var( --e-global-typography-text-font-weight );\">Durante sus a\u00f1os de actividad, QST ha llevado a cabo una extensa labor especializada en Ingenier\u00eda de Software\u00a0 Cu\u00e1ntico aplicada al desarrollo de software cu\u00e1ntico pr\u00e1ctico, siendo sus resultados m\u00e1s relevantes proveer al mercado\u00a0<a href=\"https:\/\/www.quantumpath.es\/es\/inicio\/\" target=\"_blank\" rel=\"noopener\">QuantumPath\u00ae<\/a>,\u00a0<a href=\"https:\/\/www.quantumpath.es\/es\/ventaja-qpath-qsoa\/\" target=\"_blank\" rel=\"noopener\">qSOA\u00ae<\/a>,\u00a0<a href=\"https:\/\/www.quantumpath.es\/es\/la-ventaja-qpath\/\" target=\"_blank\" rel=\"noopener\">Q Assets Compositor\u00ae<\/a>,\u00a0<a style=\"font-weight: var( --e-global-typography-text-font-weight ); text-align: right;\" href=\"https:\/\/www.quantumpath.es\/es\/2022\/11\/07\/quantumpath-agnostic-qaoa-algoritmos-de-optimizacion-annealing-sobre-ordenadores-cuanticos-de-puertas\/\" target=\"_blank\" rel=\"noopener\">Q Agnostic QAOA<\/a><a href=\"https:\/\/www.quantumpath.es\/es\/2022\/11\/07\/quantumpath-agnostic-qaoa-algoritmos-de-optimizacion-annealing-sobre-ordenadores-cuanticos-de-puertas\/\" target=\"_blank\" rel=\"noopener\">\u00ae<\/a><span style=\"letter-spacing: 0.2px;\"><span style=\"color: #ffffff;\">,<\/span> <a href=\"https:\/\/www.quantumpath.es\/es\/qp-ventaja-de-la-ingenieria-del-software\/\" target=\"_blank\" rel=\"noopener\">Q Risk Management\u00ae,<\/a> <a href=\"https:\/\/www.quantumpath.es\/es\/gobernanza-de-ecosistemas-de-software-cuantico\/\" target=\"_blank\" rel=\"noopener\">Q PrivateHub\u00ae<\/a><\/span><\/span><span style=\"font-weight: var( --e-global-typography-text-font-weight ); color: #ffffff; font-family: Arial, sans-serif; font-size: 16px; letter-spacing: 0.533333px;\">,\u00a0<\/span><span style=\"letter-spacing: 0.2px; font-weight: var( --e-global-typography-text-font-weight ); color: #ffffff;\">..<\/span><span style=\"letter-spacing: 0.2px; font-weight: var( --e-global-typography-text-font-weight ); color: #ffffff;\">.<\/span><span style=\"color: #ffffff; letter-spacing: 0.2px;\">\u00a0<\/span><\/p><p style=\"text-align: center; margin-bottom: 6pt; line-height: 19.6pt; vertical-align: baseline;\" align=\"center\"><span style=\"text-align: right; font-size: 16px; letter-spacing: 0.533333px;\"><span style=\"color: #ffffff; font-family: Arial, sans-serif;\">QST trabaja continuamente para llevar al mercado nuevas versiones de estas soluciones y\u00a0 herramientas que faciliten el desarrollo de software cu\u00e1ntico comercial de alta calidad listo para la industria.<\/span><\/span><\/p><p style=\"margin-bottom: 6pt; line-height: 19.6pt; vertical-align: baseline; text-align: center;\" align=\"center\"><span style=\"font-size: 16px; letter-spacing: 0.533333px; color: #ffffff; font-family: Arial, sans-serif; font-weight: var( --e-global-typography-text-font-weight );\">La plataforma QuantumPath\u00ae y las marcas comerciales QuantumPath\u00ae, QPath\u00ae, qSOA\u00ae, Q assets compositor\u00ae<\/span><span style=\"font-weight: var( --e-global-typography-text-font-weight ); font-size: 12pt; letter-spacing: 0.4pt; color: white; font-family: Arial, sans-serif;\">, Q Software Technology<\/span><span style=\"color: #ffffff; font-family: Arial, sans-serif; font-size: 16px; letter-spacing: 0.533333px;\">\u00ae<\/span><span style=\"font-weight: var( --e-global-typography-text-font-weight ); font-size: 12pt; letter-spacing: 0.4pt; color: white; font-family: Arial, sans-serif;\">, Q Software Engineering<\/span><span style=\"color: #ffffff; font-family: Arial, sans-serif; font-size: 16px; letter-spacing: 0.533333px;\">\u00ae, Q Agnostic QAOA<\/span><span style=\"color: #ffffff; font-family: Arial, sans-serif; font-size: 16px; letter-spacing: 0.533333px;\">\u00ae<\/span><span style=\"color: #ffffff; font-family: Arial, sans-serif; font-size: 16px; letter-spacing: 0.533333px;\">,<\/span><span style=\"color: #ffffff; font-family: Arial, sans-serif; font-size: 16px; font-weight: var( --e-global-typography-text-font-weight ); letter-spacing: 0.533333px;\">\u00a0<\/span><span style=\"font-weight: var( --e-global-typography-text-font-weight ); color: #ffffff; letter-spacing: 0.2px;\"><span style=\"font-size: 12pt; line-height: 17.12px; font-family: Arial, sans-serif;\">Q Risk Management<\/span><\/span><span style=\"color: #ffffff; font-family: Arial, sans-serif; font-size: 16px; letter-spacing: 0.533333px;\">\u00ae<\/span><span style=\"color: #ffffff; font-family: Arial, sans-serif; font-size: 16px; font-weight: var( --e-global-typography-text-font-weight ); letter-spacing: 0.533333px;\">,\u00a0<\/span><span style=\"font-weight: var( --e-global-typography-text-font-weight ); color: white; font-family: Arial, sans-serif; font-size: 12pt; letter-spacing: 0.4pt;\">Q Universal Bridge<\/span><span style=\"color: #ffffff; font-family: Arial, sans-serif; font-size: 16px; letter-spacing: 0.533333px;\">\u00ae<\/span><span style=\"font-weight: var( --e-global-typography-text-font-weight ); color: white; font-family: Arial, sans-serif; font-size: 12pt; letter-spacing: 0.4pt;\">, Q PrivateHub<\/span><span style=\"color: #ffffff; font-family: Arial, sans-serif; font-size: 16px; letter-spacing: 0.533333px; font-weight: var( --e-global-typography-text-font-weight );\">\u00ae y\u00a0<\/span><span style=\"font-weight: var( --e-global-typography-text-font-weight ); color: #ffffff; font-family: Arial, sans-serif; font-size: 16px; letter-spacing: 0.533333px;\">Q MGMTmodel<\/span><span style=\"color: #ffffff; font-family: Arial, sans-serif; font-size: 16px; letter-spacing: 0.533333px;\">\u00ae<\/span><span style=\"font-weight: var( --e-global-typography-text-font-weight ); color: #ffffff; font-family: Arial, sans-serif; font-size: 16px; letter-spacing: 0.533333px;\">\u00a0<\/span><span style=\"font-weight: var( --e-global-typography-text-font-weight ); color: #ffffff; font-family: Arial, sans-serif; font-size: 16px; letter-spacing: 0.533333px;\">son propiedad de\u00a0<\/span><span style=\"color: #ffffff; font-family: Arial, sans-serif; font-size: 16px; letter-spacing: 0.533333px;\">Quantum Software Technology, S.L. o de terceros que han autorizado su uso,<\/span><span style=\"font-weight: var( --e-global-typography-text-font-weight ); color: #ffffff; font-family: Arial, sans-serif; font-size: 16px; letter-spacing: 0.533333px;\">\u00a0<\/span><span style=\"color: #ffffff; font-family: Arial, sans-serif; font-size: 16px; letter-spacing: 0.533333px;\">incluidos todos los derechos, t\u00edtulos e intereses.<\/span><\/p><p style=\"margin-bottom: 6pt; line-height: 19.6pt; vertical-align: baseline; text-align: center;\" align=\"center\"><span style=\"color: #ffffff; font-family: Arial, sans-serif;\"><span style=\"font-size: 16px; letter-spacing: 0.533333px;\">QST es distribuidor exclusivo de <a href=\"https:\/\/www.quantumpath.es\/es\/inicio\/\" target=\"_blank\" rel=\"noopener\">QuantumPath<\/a><\/span><\/span><span style=\"color: #ffffff; font-family: Arial, sans-serif; font-size: 16px; letter-spacing: 0.533333px;\">\u00ae.<\/span><\/p><p style=\"margin-bottom: 6pt; line-height: 19.6pt; vertical-align: baseline; text-align: center;\" align=\"center\"><span style=\"font-size: 12.0pt; line-height: 115%; font-family: 'Arial',sans-serif; mso-fareast-font-family: Aptos; mso-fareast-theme-font: minor-latin; mso-ansi-language: ES; mso-fareast-language: EN-US; mso-bidi-language: AR-SA;\"><a href=\"https:\/\/www.quantumpath.es\/es\/2025\/12\/18\/ep4231204-sistema-para-desarrollar-y-ejecutar-aplicaciones-en-redes-hibridas-de-computacion-cuantica-la-patente-de-quantumpath\/\" target=\"_blank\" rel=\"noopener\">QuantumPath<b>\u00ae<\/b><\/a><span style=\"color: #ffffff;\">,\u00a0todos los derechos reservados bajo las Patentes<\/span> <a href=\"https:\/\/register.epo.org\/application?number=EP21866143&amp;lng=en&amp;tab=main\" target=\"_blank\" rel=\"noopener\">EP4231204<\/a>\u00a0<span style=\"color: #ffffff;\">y\u00a0<\/span><\/span><a style=\"font-size: 16px; letter-spacing: 0.2px; text-align: justify; background-color: rgba(0, 0, 0, 0.4);\" href=\"https:\/\/consultas2.oepm.es\/pdf\/ES\/0000\/000\/03\/06\/13\/ES-3061321_T3.pdf\" target=\"_blank\" rel=\"noopener\">ES3061321\u00a0T3<\/a><span style=\"color: #ffffff;\">.<\/span><\/p>\t\t\t\t\t\t\t\t<\/div>\n\t\t\t\t<\/div>\n\t\t\t\t<div class=\"elementor-element elementor-element-f2847c9 elementor-widget-divider--view-line elementor-widget elementor-widget-divider\" data-id=\"f2847c9\" data-element_type=\"widget\" data-widget_type=\"divider.default\">\n\t\t\t\t<div class=\"elementor-widget-container\">\n\t\t\t\t\t\t\t<div class=\"elementor-divider\">\n\t\t\t<span class=\"elementor-divider-separator\">\n\t\t\t\t\t\t<\/span>\n\t\t<\/div>\n\t\t\t\t\t\t<\/div>\n\t\t\t\t<\/div>\n\t\t\t\t\t<\/div>\n\t\t<\/div>\n\t\t\t\t\t<\/div>\n\t\t<\/section>\n\t\t\t\t<\/div>\n\t\t","protected":false},"excerpt":{"rendered":"<p>Acerca de El origen de Quantum Software Technology (QST) se remonta a octubre de 2017, fecha en la que sus fundadores crearon un equipo independiente dedicado a las de tecnolog\u00edas de software cu\u00e1ntico. Durante sus a\u00f1os de actividad, QST ha llevado a cabo una extensa labor especializada en Ingenier\u00eda de Software\u00a0 Cu\u00e1ntico aplicada al desarrollo [&hellip;]<\/p>\n","protected":false},"author":1,"featured_media":0,"parent":0,"menu_order":0,"comment_status":"closed","ping_status":"closed","template":"elementor_header_footer","meta":{"footnotes":""},"class_list":["post-1036","page","type-page","status-publish","hentry"],"yoast_head":"<!-- This site is optimized with the Yoast SEO plugin v26.8 - https:\/\/yoast.com\/product\/yoast-seo-wordpress\/ -->\n<title>Acerca de QST - QST<\/title>\n<meta name=\"robots\" content=\"index, follow, max-snippet:-1, max-image-preview:large, max-video-preview:-1\" \/>\n<link rel=\"canonical\" href=\"https:\/\/qsoftwaretech.com\/index.php\/es\/acerca-de\/\" \/>\n<meta property=\"og:locale\" content=\"es_ES\" \/>\n<meta property=\"og:type\" content=\"article\" \/>\n<meta property=\"og:title\" content=\"Acerca de QST - QST\" \/>\n<meta property=\"og:description\" content=\"Acerca de El origen de Quantum Software Technology (QST) se remonta a octubre de 2017, fecha en la que sus fundadores crearon un equipo independiente dedicado a las de tecnolog\u00edas de software cu\u00e1ntico. Durante sus a\u00f1os de actividad, QST ha llevado a cabo una extensa labor especializada en Ingenier\u00eda de Software\u00a0 Cu\u00e1ntico aplicada al desarrollo [&hellip;]\" \/>\n<meta property=\"og:url\" content=\"https:\/\/qsoftwaretech.com\/index.php\/es\/acerca-de\/\" \/>\n<meta property=\"og:site_name\" content=\"QST\" \/>\n<meta property=\"article:modified_time\" content=\"2026-04-01T11:20:10+00:00\" \/>\n<meta property=\"og:image\" content=\"https:\/\/qsoftwaretech.com\/wp-content\/uploads\/elementor\/thumbs\/QSTtb-r22dfk43mx8a04h1ngpuyxo1viv7e59xeahfuwj080.png\" \/>\n<meta name=\"twitter:card\" content=\"summary_large_image\" \/>\n<meta name=\"twitter:label1\" content=\"Tiempo de lectura\" \/>\n\t<meta name=\"twitter:data1\" content=\"2 minutos\" \/>\n<script type=\"application\/ld+json\" class=\"yoast-schema-graph\">{\"@context\":\"https:\/\/schema.org\",\"@graph\":[{\"@type\":\"WebPage\",\"@id\":\"https:\/\/qsoftwaretech.com\/index.php\/es\/acerca-de\/\",\"url\":\"https:\/\/qsoftwaretech.com\/index.php\/es\/acerca-de\/\",\"name\":\"Acerca de QST - QST\",\"isPartOf\":{\"@id\":\"https:\/\/qsoftwaretech.com\/#website\"},\"primaryImageOfPage\":{\"@id\":\"https:\/\/qsoftwaretech.com\/index.php\/es\/acerca-de\/#primaryimage\"},\"image\":{\"@id\":\"https:\/\/qsoftwaretech.com\/index.php\/es\/acerca-de\/#primaryimage\"},\"thumbnailUrl\":\"https:\/\/qsoftwaretech.com\/wp-content\/uploads\/elementor\/thumbs\/QSTtb-r22dfk43mx8a04h1ngpuyxo1viv7e59xeahfuwj080.png\",\"datePublished\":\"2022-04-14T08:36:38+00:00\",\"dateModified\":\"2026-04-01T11:20:10+00:00\",\"breadcrumb\":{\"@id\":\"https:\/\/qsoftwaretech.com\/index.php\/es\/acerca-de\/#breadcrumb\"},\"inLanguage\":\"es\",\"potentialAction\":[{\"@type\":\"ReadAction\",\"target\":[\"https:\/\/qsoftwaretech.com\/index.php\/es\/acerca-de\/\"]}]},{\"@type\":\"ImageObject\",\"inLanguage\":\"es\",\"@id\":\"https:\/\/qsoftwaretech.com\/index.php\/es\/acerca-de\/#primaryimage\",\"url\":\"https:\/\/qsoftwaretech.com\/wp-content\/uploads\/elementor\/thumbs\/QSTtb-r22dfk43mx8a04h1ngpuyxo1viv7e59xeahfuwj080.png\",\"contentUrl\":\"https:\/\/qsoftwaretech.com\/wp-content\/uploads\/elementor\/thumbs\/QSTtb-r22dfk43mx8a04h1ngpuyxo1viv7e59xeahfuwj080.png\"},{\"@type\":\"BreadcrumbList\",\"@id\":\"https:\/\/qsoftwaretech.com\/index.php\/es\/acerca-de\/#breadcrumb\",\"itemListElement\":[{\"@type\":\"ListItem\",\"position\":1,\"name\":\"Portada\",\"item\":\"https:\/\/qsoftwaretech.com\/\"},{\"@type\":\"ListItem\",\"position\":2,\"name\":\"Acerca de QST\"}]},{\"@type\":\"WebSite\",\"@id\":\"https:\/\/qsoftwaretech.com\/#website\",\"url\":\"https:\/\/qsoftwaretech.com\/\",\"name\":\"QST\",\"description\":\"Quantum Software Technology\",\"publisher\":{\"@id\":\"https:\/\/qsoftwaretech.com\/#organization\"},\"potentialAction\":[{\"@type\":\"SearchAction\",\"target\":{\"@type\":\"EntryPoint\",\"urlTemplate\":\"https:\/\/qsoftwaretech.com\/?s={search_term_string}\"},\"query-input\":{\"@type\":\"PropertyValueSpecification\",\"valueRequired\":true,\"valueName\":\"search_term_string\"}}],\"inLanguage\":\"es\"},{\"@type\":\"Organization\",\"@id\":\"https:\/\/qsoftwaretech.com\/#organization\",\"name\":\"Quantum Sioftware Technology\",\"url\":\"https:\/\/qsoftwaretech.com\/\",\"logo\":{\"@type\":\"ImageObject\",\"inLanguage\":\"es\",\"@id\":\"https:\/\/qsoftwaretech.com\/#\/schema\/logo\/image\/\",\"url\":\"https:\/\/qsoftwaretech.com\/wp-content\/uploads\/2022\/07\/cropped-QSoftwareTechMRb.png\",\"contentUrl\":\"https:\/\/qsoftwaretech.com\/wp-content\/uploads\/2022\/07\/cropped-QSoftwareTechMRb.png\",\"width\":225,\"height\":60,\"caption\":\"Quantum Sioftware Technology\"},\"image\":{\"@id\":\"https:\/\/qsoftwaretech.com\/#\/schema\/logo\/image\/\"}}]}<\/script>\n<!-- \/ Yoast SEO plugin. -->","yoast_head_json":{"title":"Acerca de QST - QST","robots":{"index":"index","follow":"follow","max-snippet":"max-snippet:-1","max-image-preview":"max-image-preview:large","max-video-preview":"max-video-preview:-1"},"canonical":"https:\/\/qsoftwaretech.com\/index.php\/es\/acerca-de\/","og_locale":"es_ES","og_type":"article","og_title":"Acerca de QST - QST","og_description":"Acerca de El origen de Quantum Software Technology (QST) se remonta a octubre de 2017, fecha en la que sus fundadores crearon un equipo independiente dedicado a las de tecnolog\u00edas de software cu\u00e1ntico. Durante sus a\u00f1os de actividad, QST ha llevado a cabo una extensa labor especializada en Ingenier\u00eda de Software\u00a0 Cu\u00e1ntico aplicada al desarrollo [&hellip;]","og_url":"https:\/\/qsoftwaretech.com\/index.php\/es\/acerca-de\/","og_site_name":"QST","article_modified_time":"2026-04-01T11:20:10+00:00","og_image":[{"url":"https:\/\/qsoftwaretech.com\/wp-content\/uploads\/elementor\/thumbs\/QSTtb-r22dfk43mx8a04h1ngpuyxo1viv7e59xeahfuwj080.png","type":"","width":"","height":""}],"twitter_card":"summary_large_image","twitter_misc":{"Tiempo de lectura":"2 minutos"},"schema":{"@context":"https:\/\/schema.org","@graph":[{"@type":"WebPage","@id":"https:\/\/qsoftwaretech.com\/index.php\/es\/acerca-de\/","url":"https:\/\/qsoftwaretech.com\/index.php\/es\/acerca-de\/","name":"Acerca de QST - QST","isPartOf":{"@id":"https:\/\/qsoftwaretech.com\/#website"},"primaryImageOfPage":{"@id":"https:\/\/qsoftwaretech.com\/index.php\/es\/acerca-de\/#primaryimage"},"image":{"@id":"https:\/\/qsoftwaretech.com\/index.php\/es\/acerca-de\/#primaryimage"},"thumbnailUrl":"https:\/\/qsoftwaretech.com\/wp-content\/uploads\/elementor\/thumbs\/QSTtb-r22dfk43mx8a04h1ngpuyxo1viv7e59xeahfuwj080.png","datePublished":"2022-04-14T08:36:38+00:00","dateModified":"2026-04-01T11:20:10+00:00","breadcrumb":{"@id":"https:\/\/qsoftwaretech.com\/index.php\/es\/acerca-de\/#breadcrumb"},"inLanguage":"es","potentialAction":[{"@type":"ReadAction","target":["https:\/\/qsoftwaretech.com\/index.php\/es\/acerca-de\/"]}]},{"@type":"ImageObject","inLanguage":"es","@id":"https:\/\/qsoftwaretech.com\/index.php\/es\/acerca-de\/#primaryimage","url":"https:\/\/qsoftwaretech.com\/wp-content\/uploads\/elementor\/thumbs\/QSTtb-r22dfk43mx8a04h1ngpuyxo1viv7e59xeahfuwj080.png","contentUrl":"https:\/\/qsoftwaretech.com\/wp-content\/uploads\/elementor\/thumbs\/QSTtb-r22dfk43mx8a04h1ngpuyxo1viv7e59xeahfuwj080.png"},{"@type":"BreadcrumbList","@id":"https:\/\/qsoftwaretech.com\/index.php\/es\/acerca-de\/#breadcrumb","itemListElement":[{"@type":"ListItem","position":1,"name":"Portada","item":"https:\/\/qsoftwaretech.com\/"},{"@type":"ListItem","position":2,"name":"Acerca de QST"}]},{"@type":"WebSite","@id":"https:\/\/qsoftwaretech.com\/#website","url":"https:\/\/qsoftwaretech.com\/","name":"QST","description":"Quantum Software Technology","publisher":{"@id":"https:\/\/qsoftwaretech.com\/#organization"},"potentialAction":[{"@type":"SearchAction","target":{"@type":"EntryPoint","urlTemplate":"https:\/\/qsoftwaretech.com\/?s={search_term_string}"},"query-input":{"@type":"PropertyValueSpecification","valueRequired":true,"valueName":"search_term_string"}}],"inLanguage":"es"},{"@type":"Organization","@id":"https:\/\/qsoftwaretech.com\/#organization","name":"Quantum Sioftware Technology","url":"https:\/\/qsoftwaretech.com\/","logo":{"@type":"ImageObject","inLanguage":"es","@id":"https:\/\/qsoftwaretech.com\/#\/schema\/logo\/image\/","url":"https:\/\/qsoftwaretech.com\/wp-content\/uploads\/2022\/07\/cropped-QSoftwareTechMRb.png","contentUrl":"https:\/\/qsoftwaretech.com\/wp-content\/uploads\/2022\/07\/cropped-QSoftwareTechMRb.png","width":225,"height":60,"caption":"Quantum Sioftware Technology"},"image":{"@id":"https:\/\/qsoftwaretech.com\/#\/schema\/logo\/image\/"}}]}},"_links":{"self":[{"href":"https:\/\/qsoftwaretech.com\/index.php\/wp-json\/wp\/v2\/pages\/1036","targetHints":{"allow":["GET"]}}],"collection":[{"href":"https:\/\/qsoftwaretech.com\/index.php\/wp-json\/wp\/v2\/pages"}],"about":[{"href":"https:\/\/qsoftwaretech.com\/index.php\/wp-json\/wp\/v2\/types\/page"}],"author":[{"embeddable":true,"href":"https:\/\/qsoftwaretech.com\/index.php\/wp-json\/wp\/v2\/users\/1"}],"replies":[{"embeddable":true,"href":"https:\/\/qsoftwaretech.com\/index.php\/wp-json\/wp\/v2\/comments?post=1036"}],"version-history":[{"count":61,"href":"https:\/\/qsoftwaretech.com\/index.php\/wp-json\/wp\/v2\/pages\/1036\/revisions"}],"predecessor-version":[{"id":2988,"href":"https:\/\/qsoftwaretech.com\/index.php\/wp-json\/wp\/v2\/pages\/1036\/revisions\/2988"}],"wp:attachment":[{"href":"https:\/\/qsoftwaretech.com\/index.php\/wp-json\/wp\/v2\/media?parent=1036"}],"curies":[{"name":"wp","href":"https:\/\/api.w.org\/{rel}","templated":true}]}}